on divisor of 144 and 151614?
18
Calculate the greatest common factor of 1845 and 7795.
5
Calculate the highest common factor of 57452 and 11077.
53
Calculate the highest common divisor of 544 and 6494.
34
What is the greatest common divisor of 1818 and 63864?
18
Calculate the greatest common factor of 1450 and 54926.
58
What is the highest common factor of 954 and 1296?
18
Calculate the highest common divisor of 480 and 231968.
32
What is the greatest common factor of 20908 and 100?
4
What is the greatest common divisor of 84 and 17878?
14
Calculate the greatest common divisor of 9 and 28881.
9
Calculate the highest common divisor of 36889 and 148.
37
Calculate the greatest common factor of 820945 and 113.
113
Calculate the highest common factor of 7742 and 7448.
98
What is the highest common divisor of 50 and 20210?
10
What is the highest common factor of 270 and 37890?
90
Calculate the highest common factor of 24265 and 345.
115
Calculate the greatest common divisor of 11662 and 18683.
119
Calculate the highest common divisor of 15610 and 1687.
7
What is the highest common divisor of 2530 and 180?
10
Calculate the greatest common divisor of 16767 and 7314.
69
Calculate the greatest common factor of 282 and 516.
6
Calculate the highest common factor of 558 and 3286.
62
What is the highest common factor of 895 and 3043?
179
What is the highest common divisor of 846 and 257778?
18
Calculate the highest common factor of 32042 and 74.
74
Calculate the greatest common divisor of 300 and 609600.
300
Calculate the greatest common divisor of 106153 and 817.
19
Calculate the greatest common divisor of 3255 and 5040.
105
What is the greatest common divisor of 11123 and 55161?
227
Calculate the greatest common divisor of 709 and 36.
1
What is the greatest common factor of 3087 and 14?
7
Calculate the highest common factor of 317856 and 693.
231
Calculate the highest common factor of 78876 and 252.
252
What is the greatest common factor of 39 and 499876?
13
What is the greatest common factor of 2839 and 1002?
167
Calculate the greatest common divisor of 730 and 7739825.
365
What is the highest common factor of 36 and 2408?
4
Calculate the highest common divisor of 14860 and 8.
4
Calculate the highest common factor of 24 and 50832.
24
Calculate the highest common factor of 2921 and 7493.
127
What is the greatest common factor of 329 and 58107?
7
Calculate the highest common divisor of 6457 and 1199.
11
What is the greatest common factor of 15810 and 5610?
510
What is the highest common divisor of 1131 and 1924208?
377
What is the highest common divisor of 29698 and 155?
31
What is the greatest common divisor of 1761 and 113291?
587
Calculate the greatest common factor of 65 and 542095.
5
What is the greatest common factor of 10003 and 959?
7
What is the highest common divisor of 135 and 4055580?
45
What is the greatest common factor of 161594 and 344?
86
Calculate the greatest common factor of 592540 and 559.
559
Calculate the greatest common divisor of 16 and 94296.
8
Calculate the greatest common divisor of 69 and 1287356.
23
What is the greatest common divisor of 2815 and 15?
5
What is the highest common factor of 253 and 7248197?
253
Calculate the highest common factor of 1086 and 4721566.
362
What is the greatest common factor of 194 and 1361686?
194
What is the greatest common divisor of 1885 and 2296307?
377
What is the highest common divisor of 508 and 916?
4
Calculate the greatest common divisor of 96 and 1284.
12
Calculate the greatest common divisor of 23759 and 7337.
23
What is the highest common factor of 720000 and 27?
9
What is the greatest common divisor of 17995 and 78175?
295
What is the highest common factor of 11017 and 552?
23
What is the greatest common factor of 277228 and 36?
4
What is the highest common factor of 48 and 612592?
16
Calculate the highest common divisor of 2584 and 2822.
34
What is the highest common divisor of 55248 and 2?
2
What is the greatest common divisor of 1989 and 5661?
153
Calculate the greatest common factor of 429 and 210288.
39
Calculate the highest common factor of 13718 and 76.
38
What is the greatest common factor of 136 and 992494?
34
Calculate the highest common factor of 1046775 and 25.
25
Calculate the highest common factor of 3 and 373598.
1
Calculate the highest common factor of 106 and 141086.
106
What is the greatest common divisor of 2 and 379166?
2
What is the highest common divisor of 41274 and 144?
18
Calculate the highest common factor of 218 and 9246143.
109
Calculate the highest common factor of 27349 and 56.
7
Calculate the greatest common factor of 14171 and 74.
37
What is the greatest common factor of 54613 and 2?
1
What is the highest common divisor of 1841 and 21303?
263
What is the greatest common divisor of 12 and 9920748?
12
Calculate the greatest common divisor of 608 and 47500.
76
What is the highest common divisor of 390 and 970203?
39
What is the greatest common factor of 10017 and 3171?
21
Calculate the highest common divisor of 33762 and 5296.
662
Calculate the highest common factor of 198 and 58146.
66
What is the greatest common divisor of 145722 and 2086?
298
Calculate the highest common factor of 7404 and 78.
6
What is the greatest common factor of 6591 and 1833?
39
Calculate the greatest common factor of 252 and 457308.
36
Calculate the highest common factor of 2484 and 188508.
276
Calculate the greatest common factor of 234 and 11167.
13
What is the greatest common divisor of 2391090 and 234?
78
Calculate the greatest common divisor of 22 and 9182591.
11
Calculate the highest common factor of 1551 and 5577.
33
Calculate the greatest common factor of 27 and 13266.
9
Calculate the highest common factor of 3773 and 105259.
77
What is the greatest common factor of 3496567 and 1471?
1471
Calculate the greatest common divisor of 8 and 11184.
8
What is the greatest common factor of 30222 and 27?
9
What is the highest common factor of 90789 and 159?
159
What is the highest common factor of 152 and 16739?
19
Calculate the greatest common factor of 30669 and 9.
3
Calculate the greatest common factor of 8 and 48452.
4
What is the highest common divisor of 203 and 328251?
203
What is the greatest common factor of 1790 and 94110?
10
What is the highest common factor of 25 and 324975?
25
What is the greatest common factor of 33 and 22517?
11
Calculate the highest common factor of 399 and 43.
1
Calculate the highest common factor of 89 and 443309.
89
What is the greatest common factor of 4455 and 396000?
495
What is the highest common factor of 138888 and 120?
24
Calculate the highest common factor of 115 and 1022879.
23
What is the highest common factor of 973 and 14317?
139
What is the greatest common factor of 87 and 17583?
3
Calculate the greatest common factor of 15344 and 1232.
112
What is the greatest common factor of 678 and 2245875?
339
What is the highest common factor of 310 and 113770?
310
Calculate the highest common divisor of 3800 and 4025.
25
What is the greatest common divisor of 70394 and 671?
61
Calculate the highest common divisor of 18252 and 5.
1
What is the highest common factor of 522 and 882?
18
What is the greatest common divisor of 60624 and 36627?
1263
Calculate the greatest common divisor of 1206 and 25862.
134
Calculate the greatest common factor of 20 and 16028.
4
What is the greatest common divisor of 204432 and 528?
48
Calculate the greatest common factor of 82 and 125296.
82
What is the greatest common divisor of 24 and 24804?
12
What is the greatest common factor of 12 and 75771?
3
What is the greatest common divisor of 986 and 5423?
493
What is the highest common factor of 19 and 479465?
19
Calculate the highest common divisor of 160 and 60080.
80
What is the greatest common divisor of 481173 and 231?
231
What is the highest common divisor of 131201 and 21?
7
Calculate the highest common divisor of 4876 and 58052.
92
Calculate the greatest common divisor of 234771 and 278.
139
What is the greatest common factor of 917 and 8225?
7
What is the highest common factor of 570672 and 32?
16
Calculate the greatest common divisor of 9021 and 6107.
31
What is the highest common factor of 116506 and 208?
26
What is the greatest common divisor of 2872 